 20394553 a composite number?
True
Is 4904803 a prime number?
True
Is 1986199 a composite number?
False
Is 401701 a composite number?
True
Is 36804697 a prime number?
True
Is 3691471 composite?
True
Is 250014637 a prime number?
True
Is 406244633 prime?
False
Is 2881222 composite?
True
Is 92918209 a prime number?
False
Is 8731607 a prime number?
True
Is 10763881 composite?
True
Is 18833453 composite?
False
Is 252112877 a prime number?
True
Is 794291 a prime number?
False
Is 191166051 a composite number?
True
Is 13651987 a composite number?
True
Is 61812797 a prime number?
True
Is 6188677 a prime number?
False
Is 21474841 prime?
False
Is 1123495 a composite number?
True
Is 568493 a composite number?
False
Is 165229741 prime?
True
Is 177772219 a composite number?
True
Is 6304526 composite?
True
Is 1967071 composite?
False
Is 5691835 a composite number?
True
Is 29118757 prime?
False
Is 694069 composite?
False
Is 17756413 composite?
True
Is 1420931 a composite number?
False
Is 911347 a prime number?
False
Is 20029369 prime?
False
Is 92300653 composite?
False
Is 4808381 prime?
False
Is 11653283 prime?
False
Is 1199041 prime?
False
Is 85735415 prime?
False
Is 3103861 prime?
True
Is 4574603 a prime number?
False
Is 27275837 composite?
True
Is 821083106 a prime number?
False
Is 12318269 a composite number?
True
Is 34580071 prime?
False
Is 1969147 a prime number?
True
Is 1772105 prime?
False
Is 2285551 a prime number?
True
Is 4142287 a prime number?
True
Is 4225679 prime?
True
Is 686659 a composite number?
True
Is 411645653 a prime number?
False
Is 14644529 a composite number?
True
Is 93711421 a composite number?
False
Is 356380807 a composite number?
False
Is 1952021 prime?
True
Is 5081287 prime?
True
Is 13044989 a composite number?
False
Is 35924093 a prime number?
True
Is 1575071 a prime number?
True
Is 276239 a composite number?
False
Is 391103 a prime number?
True
Is 4539581 prime?
True
Is 1332823 a composite number?
False
Is 24955277 a composite number?
False
Is 276901301 a composite number?
True
Is 12378577 a composite number?
True
Is 19357183 prime?
False
Is 61985083 prime?
True
Is 23711486 a composite number?
True
Is 134099357 a composite number?
True
Is 3421499 a prime number?
True
Is 656767 a prime number?
False
Is 86196797 prime?
True
Is 55330271 a prime number?
True
Is 1367687 a composite number?
False
Is 2501071 a prime number?
True
Is 3302581 a prime number?
False
Is 613830281 composite?
True
Is 3876267 a composite number?
True
Is 529848937 a composite number?
True
Is 32853589 composite?
False
Is 8115682 prime?
False
Is 290594791 prime?
True
Is 325431167 composite?
False
Is 1817507 prime?
True
Is 48122267 a composite number?
False
Is 1874399 prime?
True
Is 60351257 a composite number?
False
Is 2336597 a prime number?
True
Is 596813 composite?
True
Is 655824361 composite?
False
Is 7408853 a prime number?
True
Is 1183687 a composite number?
False
Is 40795553 composite?
True
Is 20212909 a prime number?
True
Is 4232509 a composite number?
False
Is 99469 prime?
True
Is 227624863 prime?
True
Is 17528561 composite?
False
Is 37059061 a composite number?
True
Is 7899797 prime?
True
Is 4319417 a composite number?
True
Is 10669111 a prime number?
True
Is 49230991 a prime number?
True
Is 1115781 composite?
True
Is 349858757 prime?
False
Is 16703209 a prime number?
False
Is 26329099 composite?
False
Is 997797865 a composite number?
True
Is 76838809 a prime number?
True
Is 87253217 a composite number?
False
Is 2446253 a composite number?
True
Is 2653727 prime?
True
Is 135815807 a prime number?
True
Is 2485823 a composite number?
True
Is 1940123 prime?
True
Is 1692529 prime?
False
Is 764953 prime?
False
Is 6154163 prime?
True
Is 3254623 prime?
True
Is 49040491 a prime number?
True
Is 3813571 a composite number?
False
Is 5407643 a composite number?
True
Is 3707623 composite?
True
Is 58859579 a composite number?
False
Is 40327907 a prime number?
True
Is 1041347 a prime number?
False
Is 10321229 a prime number?
True
Is 19601809 a composite number?
True
Is 189837839 composite?
False
Is 1038533 a composite number?
True
Is 371248133 a composite number?
True
Is 134152297 a composite number?
True
Is 6808443 a composite number?
True
Is 289371 composite?
True
Is 2070737 a composite number?
False
Is 4113355 a prime number?
False
Is 1449257 composite?
True
Is 723787 prime?
False
Is 4175323 a prime number?
False
Is 18141478 a prime number?
False
Is 1204991 composite?
True
Is 500167 a composite number?
False
Is 54924163 prime?
False
Is 10576571 composite?
False
Is 48024773 prime?
False
Is 2291797 prime?
True
Is 345648581 a composite number?
True
Is 13773479 a prime number?
True
Is 190812863 a composite number?
False
Is 5317451 prime?
True
Is 28562179 a composite number?
False
Is 19078133 prime?
True
Is 142207277 prime?
True
Is 23459 a composite number?
False
Is 47988683 a composite number?
True
Is 66504379 composite?
True
Is 8832667 a prime number?
False
Is 147503 composite?
False
Is 1242731 composite?
True
Is 7428859 a prime number?
True
Is 22570683 prime?
False
Is 959417 a prime number?
False
Is 60689462 prime?
False
Is 36163723 a composite number?
False
Is 36699463 composite?
True
Is 149798497 prime?
True
Is 1406771 prime?
True
Is 598243 composite?
True
Is 2794679 a composite number?
True
Is 176849969 a composite number?
True
Is 7051879 a prime number?
True
Is 2607019 a composite number?
True
Is 4923041 a composite number?
True
Is 121909 a prime number?
True
Is 43759601 composite?
True
Is 447343837 prime?
True
Is 3808223 prime?
True
Is 14964013 a composite number?
False
Is 53157523 a composite number?
False
Is 780503 composite?
True
Is 204779 a composite number?
True
Is 47930717 prime?
False
Is 105596317 a composite number?
False
Is 287921 composite?
False
Is 1680251 a composite number?
True
Is 194630069 a composite number?
True
Is 298355413 a composite number?
True
Is 3648161 a composite number?
True
Is 17775677 a composite number?
False
Is 31832915 a composite number?
True
Is 264152247 a composite number?
True
Is 12856343 prime?
False
Is 27703697 a prime number?
False
Is 60876731 prime?
False
Is 215647219 composite?
True
Is 1148933 prime?
True
Is 15795323 composite?
False
Is 1074001 a prime number?
True
Is 7130309 prime?
False
Is 552743 a composite number?
True
Is 26167613 a prime number?
True
Is 133068127 a prime number?
False
Is 372487 a prime number?
False
Is 2379217 a composite number?
False
Is 453678919 a composite number?
False
Is 9454871 a composite number?
False
Is 963223 prime?
True
Is 1423159 composite?
False
Is 388988057 a composite number?
False
Is 41867 a prime number?
False
Is 694200799 composite?
False
Is 2645701 a composite number?
False
Is 5302151 a prime number?
True
Is 21152281 a prime number?
False
Is 2593933 a composite number?
False
Is 73548155 a prime number?
False
Is 2219449 composite?
False
Is 1735997 a prime number?
True
Is 3364541 composite?
False
Is 15778999 prime?
True
Is 916031 prime?
True
Is 5525867 a prime number?
False
Is 5720707 a composite number?
False
Is 92147983 prime?
True
Is 74699 a composite number?
False
Is 1187623 prime?
True
Is 167584341 prime?
False
Is 57070799 a composite number?
False
Is 65382437 a composite number?
False
Is 41646229 composite?
True
Is 288611251 prime?
True
Is 51733901 prime?
True
Is 1631023 composite?
False
Is 14049241 a prime number?
False
Is 4685209 a composite number?
True
Is 10215827 prime?
False
Is 1771414789 prime?
True
Is 52001701 a prime number?
True
Is 15791641 prime?
False
Is 2137222 a prime number?
False
Is 10205659 a prime number?
True
Is 7623013 a prime number?
True
Is 12259603 a composite number?
False
Is 49576711 a prime number?
True
Is 21887707 a composite number?
False
Is 5988389 prime?
False
Is 21197819 a prime number?
False
Is 2405729 a composite number?
False
Is 693523 a composite number?
False
Is 185099059 prime?
False
Is 727708315 composite?
True
Is 5782919 prime?
False
Is 91378969 composite?
True
Is 1119389 a prime number?
True
Is 1179533 prime?
False
Is 57312811 a composite number?
True
Is 125487811 composite?
True
Is 135481 prime?
False
Is 13419241 composite?
True
Is 338119 composite?
False
Is 291077 a composite number?
False
Is 27518573 a prime number?
True
Is 1040219